ate t(14).
-21
Let j(s) = s**3 - 10*s**2 - 92*s + 807. Calculate j(12).
-9
Let a(l) = -57*l**2 + 9*l - 1. Give a(1).
-49
Let k(z) = -12*z**2 - 69*z - 366. Determine k(-5).
-321
Let n(c) = -75*c + 159. Give n(2).
9
Let t(f) = -2*f**3 - 15*f**2 - 13*f - 155. Determine t(-8).
13
Let f(n) = -5*n**2 + 8*n - 65. What is f(5)?
-150
Let c(o) = -o**3 - 10*o**2 + 203*o + 2151. Determine c(-12).
3
Let i(y) = -19*y**3 - 797*y**2 + 49*y + 270. Determine i(-42).
-24
Let v(a) = -16*a**2 - 2352*a + 2351. Calculate v(1).
-17
Let c(r) = -3*r**2 + 74*r - 430. Give c(15).
5
Let f(b) = -1084*b + 9693. What is f(9)?
-63
Let h(k) = -k**3 - 5*k**2 - 82*k - 415. Determine h(-5).
-5
Let p(m) = -3*m**2 - 124*m + 145. Calculate p(1).
18
Let d(x) = -x**3 - 4*x**2 + 6*x + 19. Give d(-3).
-8
Let m(i) = -36*i - 4114. Calculate m(-115).
26
Let y(p) = -35*p**2 + 488*p + 19. Calculate y(14).
-9
Let g(f) = f**3 + 48*f**2 + 476*f + 3. What is g(-14)?
3
Let z(u) = -u**2 - 27*u - 45. Give z(-42).
-675
Let s(z) = z**3 + 41*z**2 + 110*z - 157. Calculate s(-38).
-5
Let v(z) = -7*z**2 - 335*z + 48. Give v(-48).
0
Let d(j) = -100*j - 290. Calculate d(-3).
10
Let j(r) = -8*r**2 + 6*r + 235. What is j(0)?
235
Let i(g) = -g**3 - 5*g**2 + 45*g + 19. Determine i(5).
-6
Let p(n) = -44*n + 1132. Give p(26).
-12
Let j(v) = 36*v**3 + 2*v**2 + 2*v + 8. Calculate j(-2).
-276
Let m(v) = 10*v**2 + 4*v + 3. Give m(-2).
35
Let l(n) = -6*n**2 - 576*n - 1103. What is l(-94)?
25
Let p(h) = 144*h - 3021. Calculate p(21).
3
Let c(o) = 4937*o - 103706. Give c(21).
-29
Let v(h) = 10*h**2 - 282*h + 62. What is v(28)?
6
Let w(x) = -x**3 - 25*x**2 - 41*x - 40. Calculate w(-24).
368
Let v(p) = 2*p**3 - 4*p**2 - 34*p + 120. What is v(3)?
36
Let s(l) = -l**3 + 31*l**2 - 81*l - 66. What is s(28)?
18
Let v(g) = -g**3 - 77*g**2 - 780*g - 5. What is v(-12)?
-5
Let q(i) = 3*i**2 + 130*i + 209. What is q(-42)?
41
Let q(j) = 239*j - 6457. Calculate q(27).
-4
Let m(o) = -o**2 + 13*o + 308. Calculate m(-10).
78
Let j(q) = -79*q + 33. Determine j(0).
33
Let b(z) = z**3 + 27*z**2 - 24*z + 119. Calculate b(-28).
7
Let v(o) = -72*o + 114. What is v(2)?
-30
Let f(r) = r**3 - 6*r**2 + 26*r - 322. Give f(8).
14
Let f(w) = -w**3 + 3*w**2 - 8*w + 85. Give f(6).
-71
Let r(o) = 11*o**3 - o**2 + o. Give r(1).
11
Let s(r) = 3*r**2 + 155*r + 1990. What is s(-24)?
-2
Let f(c) = -14*c**2 - 353*c + 1048. What is f(3)?
-137
Let w(b) = b**3 - 40*b**2 - 177*b + 27. Determine w(44).
-17
Let n(m) = 65*m - 29. What is n(-3)?
-224
Let j(v) = 277*v**2 + 1947*v + 79. What is j(-7)?
23
Let i(j) = -63*j**2 - 3841*j - 34. Calculate i(-61).
-156
Let d(y) = 8*y + 15. Determine d(-7).
-41
Let w(r) = -2*r**2 + 48*r - 267. Calculate w(9).
3
Let n(f) = -4*f**2 - 80*f + 22. Determine n(-20).
22
Let x(f) = -277*f**2 - 5819*f - 25. Calculate x(-21).
17
Let u(p) = 717*p + 3624. What is u(-5)?
39
Let c(k) = -4*k**2 + 52*k + 4. Calculate c(13).
4
Let d(j) = -j**3 - 36*j**2 - 116*j + 395. What is d(-32)?
11
Let v(s) = -2*s**2 - 319*s - 1252. Calculate v(-4).
-8
Let s(u) = 37*u + 1354. Determine s(-36).
22
Let g(n) = 6*n**2 - 69*n + 195. Give g(5).
0
Let p(l) = l**2 + 87*l + 345. What is p(-4)?
13
Let t(x) = -2*x**2 + 60*x - 225. Calculate t(24).
63
Let f(y) = 13*y - 436. Give f(33).
-7
Let f(w) = 661*w - 86584. What is f(131)?
7
Let w(g) = -3*g**2 + 115*g + 616. What is w(43)?
14
Let k(a) = -12*a + 1054. What is k(83)?
58
Let j(s) = -s**3 - 13*s**2 - 10*s + 16. Calculate j(-5).
-134
Let w(g) = 31*g - 478. What is w(15)?
-13
Let g(u) = 65*u - 59. Determine g(1).
6
Let v(b) = -30*b + 3571. Determine v(119).
1
Let t(r) = 36*r + 126. Give t(-3).
18
Let v(i) = -12*i**2 - 55*i + 21. Calculate v(-9).
-456
Let v(m) = m**3 - 45*m**2 - 6*m + 271. Calculate v(45).
1
Let k(l) = -182*l + 67. What is k(1)?
-115
Let f(v) = -21*v**3 + 5*v**2 + 5*v + 1. What is f(-2)?
179
Let o(v) = -82*v**3 - 16*v**2 + 9*v + 6. Calculate o(1).
-83
Let k(v) = 9*v**3 + 182*v**2 + 42*v + 75. What is k(-20)?
35
Let l(a) = 9*a + 522. Give l(-52).
54
Let g(v) = 14083*v - 140826. Calculate g(10).
4
Let w(n) = -3*n**2 + 133*n + 29. Determine w(44).
73
Let r(i) = -4*i**2 + 131*i + 335. Give r(38).
-463
Let k(q) = -2*q**2 + 2*q - 31. Give k(7).
-115
Let w(s) = -1309*s + 40602. Determine w(31).
23
Let s(j) = 47*j**2 + 33*j + 34. Give s(-1).
48
Let t(x) = x**2 - 21*x - 1795. What is t(56)?
165
Let l(v) = v**2 + 42*v - 11637. What is l(89)?
22
Let u(m) = 7*m**2 - 1064*m + 15. What is u(152)?
15
Let n(w) = 2*w**3 - 58*w**2 - 191*w - 34. Calculate n(32).
-2
Let c(j) = -437*j + 264. What is c(1)?
-173
Let w(t) = -25*t**2 - 8*t - 15. What is w(-2)?
-99
Let h(t) = t**2 - 1514*t + 29889. Calculate h(20).
9
Let i(v) = 6*v**3 + 96*v**2 - 104*v - 8. What is i(-17)?
26
Let i(s) = -s**2 - 28*s + 25. What is i(-29)?
-4
Let c(t) = t**3 + 20*t**2 - 17*t + 47. Calculate c(-22).
-547
Let b(z) = 10*z**2 + 89*z - 104. Calculate b(-10).
6
Let z(o) = -9*o + 627. Give z(68).
15
Let l(s) = -68*s + 12825. Calculate l(188).
41
Let i(n) = n**3 - 40*n**2 + 2*n - 47. Determine i(40).
33
Let q(w) = -2*w**3 - 11*w**2 - 48*w - 25. Determine q(-5).
190
Let g(p) = -2*p**2 - 124*p - 64. Give g(-61).
58
Let x(c) = -2*c**2 - 24*c - 61. Determine x(-5).
9
Let s(f) = -25*f + 211. Determine s(8).
11
Let c(w) = -w**2 - 69*w - 1060. Give c(-63).
-682
Let f(d) = -74*d + 7072. Give f(96).
-32
Let b(c) = 3*c**2 + 14*c - 2. Calculate b(-5).
3
Let n(l) = 11*l**2 - 125*l + 27. Calculate n(11).
-17
Let m(w) = 640*w - 7047. Determine m(11).
-7
Let o(p) = 133*p - 798. Give o(4).
-266
Let t(k) = -k**3 + 31*k**2 - 110*k - 22. Calculate t(26).
498
Let x(o) = 10*o**3 + 151*o**2 + 13*o + 47. Calculate x(-15).
77
Let x(d) = d**3 + 6*d**2 - 92*d + 8. Determine x(-13).
21
Let o(m) = 8951*m + 205880. Give o(-23).
7
Let c(d) = d**2 + 13*d + 51. Give c(-8).
11
Let a(d) = 13*d + 327. Determine a(-9).
210
Let v(h) = -h**3 + 2*h**2 - 4*h - 8. What is v(5)?
-103
Let r(p) = -251*p + 1011. Calculate r(4).
7
Let m(c) = 4802*c + 14413. Calculate m(-3).
7
Let t(j) = 64*j + 155. Calculate t(-3).
-37
Let a(w) = 14*w - 160. Determine a(17).
78
Let t(m) = 5*m**2 + 8*m + 20. Determine t(-8).
276
Let a(n) = -133*n - 10250. What is a(-77)?
-9
Let q(i) = -2*i**3 - 160*i**2 + 165*i + 240. Calculate q(-81).
-3
Let y(g) = g**2 + 2*g - 73. Determine y(-4).
-65
Let b(y) = -y**2 + 64*y - 915. Give b(21).
-12
Let m(v) = -v**2 + 88*v - 334. Calculate m(85).
-79
Let t(z) = z**3 + 45*z**2 + 24*z + 1001. Calculate t(-45).
-79
Let r(o) = 168*o + 461. Calculate r(-3).
-43
Let u(c) = 2*c**2 + 164*c + 76. Give u(-83).
242
Let z(t) = -t**2 - 23*t - 126. What is z(-12)?
6
Let x(o) = 72*o + 7090. Determine x(-98).
34
Let o(x) = -903*x - 7289. Determine o(-8).
-65
Let t(c) = -441*c + 1006. Give t(2).
124
Let j(r) = -2*r**3 + 3*r**2 + 117*r - 358. Determine j(3).
-34
Let b(m) = m - 83. What is b(-18)?
-101
Let q(r) = 160*r + 97. Calculate q(1).
257
Let y(u) = -409*u + 2413. What is y(6)?
-41
Let i(w) = w**2 - 52*w - 226. Give i(49).
-373
Let b(a) = 100*a - 2387. What is b(24)?
13
Let x(d) = 11*d + 380. Give x(-40).
-60
Let f(t) = 6566*t + 39393. Determine f(-6).
-3
Let s(p) = 804*p - 110959. Calculate s(138).
-7
Let h(x) = -90*x**3 - 3*x**2 + 2*x + 7. Calculate h(-2).
711
Let l(t) = t + 53. Give l(0).
53
Let v(s) = -s**2 + 87*s + 870. Calculate v(-9).
6
Let x(f) = 5*f**2 + 406*f + 5272. What is x(-65)?
7
Let h(a) = -a**2 - 53*a + 1459. Give h(-73).
-1
Let t(q) = -350*q - 41. Determine t(1).
-391
Let k(y) = 10*y + 121. Determine k(-8).
41
Let m(l) = l**2 + 10*l - 58. Calculate m(-21).
173
Let z(q) = -4*q**3 + 19*q**2 + 6*q + 22. What is z(5)?
27
Let g(s) = -2*s**2 - 156*s - 850. Determine g(-6).
14
Let p(l) = 899*l**2 + 14*l - 10. What is p(1)?
903
Let y(j) = j**3 - 36*j**2 + 254*j - 465. Determine y(3).
0
Let v(t) = -t**3 - 16*t**2 - 46*t + 2. Determine v(-12).
-22
Let x(c) = -2*c**2 - 626*c + 9131. What is x(14)?
-25
Let p(j) = 6*j**2 - 345*j + 129. Determine p(57).
-42
Let o(q) = -q**3 - 42*q**2 - 126*q - 346. Give o(-39).
5
Let a(o) = 5*o - 53. Calculate a(3).
-38
Let m(f) = -1812*f + 21747. Determine m(12).
3
Let d(o) = 11*o + 76. Give d(14).
230
Let a(n) = -n**3 - 12*n**2 - 56*n - 348. Calculate a(-10).
12
Let p(t) = 259*t + 11917. Calculate p(-46).
3
Let p(d) = -6*d + 117. What is p(9)?
63
Let